.
-2
Let j(o) = 11*o**2 - 4*o + 2. Give j(2).
38
Let u(f) = f - 4. Calculate u(-3).
-7
Let t(l) = -l**3 + 6*l**2 - 3*l + 2. Give t(6).
-16
Let n(p) = -p**3 - 6*p**2 + 19*p + 18. Calculate n(-9).
90
Let a(b) = b**3 - 11*b**2 + 10*b + 11. Give a(10).
11
Let g(q) = -q**2 - 7*q - 2. Give g(-11).
-46
Let z(c) = 2*c**3 + 2*c**2 + 2*c + 6. Determine z(-2).
-6
Let g(d) = -d**2 + 3*d + 4. What is g(3)?
4
Let x(n) = 2*n**2 + 28*n + 40. Determine x(-12).
-8
Let h(s) = s**3 - 3*s**2 - 5*s - 9. Determine h(5).
16
Let c(g) = -g**3 - 17*g**2 + 36*g - 39. What is c(-19)?
-1
Let b(n) = 5*n + 11. Determine b(-9).
-34
Let x(b) = -6*b**2 - 5*b + 1. What is x(-4)?
-75
Let w(o) = -o**3 + 3*o**2 + 6*o - 4. What is w(4)?
4
Let d(v) = 2*v**2 + 18*v - 21. Give d(-10).
-1
Let r(j) = -j - 10. Give r(-2).
-8
Let y(p) = -p - 2. Calculate y(-13).
11
Let d(r) = r + 12. Give d(-5).
7
Let v(y) = y**3 + 11*y**2 - 15*y - 2. What is v(-12)?
34
Let n(f) = 3*f**2 + 90*f - 86. Calculate n(-31).
7
Let c(p) = p**3 + 9*p**2 + 3*p - 30. What is c(-8)?
10
Let k(t) = t**3 - 34*t**2 + 32*t + 42. Give k(33).
9
Let u(k) = -12*k + 14. Calculate u(-5).
74
Let o(v) = v**2 - 7*v + 1. Determine o(8).
9
Let t(f) = 9*f - 58. Determine t(7).
5
Let t(v) = -v**2 + 11*v + 8. Give t(11).
8
Let t(b) = 3*b**2 - 2. Determine t(0).
-2
Let g(k) = -k**2 + 6*k - 11. Give g(6).
-11
Let o(z) = z**2 + 7*z - 4. What is o(-6)?
-10
Let k(n) = -n - 11. Give k(-9).
-2
Let s(n) = -n**2 + 83. What is s(-9)?
2
Let g(t) = 7*t - 24. Give g(5).
11
Let q(x) = x**3 - 9*x**2 + 11*x - 1. Determine q(8).
23
Let s(o) = -10*o + 4. What is s(3)?
-26
Let x(n) = 3*n - 16. Calculate x(6).
2
Let n(u) = 2*u + 42. What is n(-11)?
20
Let d(g) = g**3 + 7*g**2 + 17*g + 28. What is d(-5)?
-7
Let n(d) = -11*d - 6. Determine n(-1).
5
Let n(p) = p**3 + 5*p**2 + 3*p + 19. Give n(-5).
4
Let d(b) = -82*b - 244. Give d(-3).
2
Let j(x) = -x**3 - 24*x**2 + 2*x + 15. Calculate j(-24).
-33
Let z(j) = j**3 - 19*j**2 - j + 17. Give z(19).
-2
Let p(y) = -17*y + 126. Give p(8).
-10
Let s(p) = p**2 - 3*p + 5. What is s(4)?
9
Let m(g) = -2*g**3 + 4*g**2 - 2*g. Give m(2).
-4
Let j(c) = -c**3 + 14*c**2 - 20*c - 34. Determine j(12).
14
Let n(p) = 2*p**3 - 11*p**2 - 6*p + 3. What is n(6)?
3
Let y(c) = -28*c. Calculate y(1).
-28
Let m(k) = -k**2 - k + 2. What is m(-5)?
-18
Let v(r) = -2*r**2 - 19*r + 8. Calculate v(-9).
17
Let s(n) = -2*n - 41. Determine s(-4).
-33
Let x(h) = -h**3 + 11*h**2 + h - 7. Calculate x(11).
4
Let g(u) = 4*u**3 - 4*u**2 + 3*u - 1. Determine g(2).
21
Let c(d) = -d**2 - d + 3. Determine c(0).
3
Let r(a) = -a**3 - 8*a + 8. What is r(1)?
-1
Let h(a) = 24*a + 12. Calculate h(-1).
-12
Let z(q) = q**3 - 28*q**2 + 27*q - 4. What is z(27)?
-4
Let z(b) = -b**2 - 5*b - 10. What is z(-6)?
-16
Let c(y) = 2*y**3 + 11*y**2 + 5*y + 5. Calculate c(-5).
5
Let c(l) = 2*l**3 - 4*l**2 + 3*l - 1. Give c(3).
26
Let i(k) = -k**3 - 7*k**2 + 7*k + 27. What is i(-8)?
35
Let a(g) = 6*g - 30. Give a(17).
72
Let m(b) = b**2 + 5*b. What is m(0)?
0
Let p(t) = -t**3 - 7*t**2 + 8*t - 7. Calculate p(-8).
-7
Let h(p) = p**2 + 20*p - 186. What is h(7)?
3
Let k(b) = b**2 - 4*b - 1. Calculate k(10).
59
Let o(y) = -y - 8. Give o(7).
-15
Let u(m) = 2*m**3 + 7*m**2 - 9*m - 10. Calculate u(-4).
10
Let f(u) = -10*u + 73. Determine f(12).
-47
Let p(z) = -z**2 - 95*z + 1404. Determine p(13).
0
Let c(r) = -7*r - 38. Calculate c(-5).
-3
Let m(b) = -b**3 + 7*b**2 + 4*b - 8. Determine m(4).
56
Let a(s) = 4*s - 10. What is a(8)?
22
Let z(c) = -17*c - 10. Calculate z(-1).
7
Let a(w) = w**2 + 5*w - 31. Determine a(-9).
5
Let g(h) = 13*h**2 + 3*h + 1. Give g(-1).
11
Let w(b) = b**3 - 5*b**2 + 3*b - 6. Calculate w(4).
-10
Let c(r) = -r**2 + 15*r + 6. Calculate c(16).
-10
Let j(w) = 20*w - 11. Give j(1).
9
Let b(i) = -13*i**2 + 8*i - 2. Calculate b(1).
-7
Let r(j) = -3*j + 7. Calculate r(3).
-2
Let k(h) = -153*h - 452. Determine k(-3).
7
Let y(w) = -2*w**3 - w**2 + 4*w + 3. What is y(-2)?
7
Let c(k) = -k**2 - 10*k + 31. Calculate c(-12).
7
Let m(t) = -15*t - 96. Determine m(-6).
-6
Let y(b) = -13*b - 20. Determine y(-2).
6
Let f(g) = -2*g**2 - 5*g - 6. What is f(-2)?
-4
Let v(j) = -j**2 + 17. Calculate v(0).
17
Let p(k) = 30*k + 148. Give p(-5).
-2
Let b(s) = s**2 - 18*s + 32. Determine b(16).
0
Let b(g) = g**2 - 2*g + 10. Calculate b(6).
34
Let v(g) = 4*g + 17. Give v(0).
17
Let t(g) = -49*g - 291. Determine t(-6).
3
Let c(i) = 28*i**2 - 1. Calculate c(-1).
27
Let w(f) = -2*f - 12. Calculate w(4).
-20
Let x(d) = -d**3 + 3*d + 4. Determine x(2).
2
Let l(g) = -g**2 + 2*g + 3. Determine l(3).
0
Let w(i) = i**3 - 6*i**2 + i + 20. What is w(5)?
0
Let q(t) = -5*t + 114. Calculate q(22).
4
Let v(x) = -x**3 - x**2 + 2*x - 1. Give v(2).
-9
Let t(o) = -o - 10. Calculate t(-10).
0
Let g(d) = d**2 - 276*d + 276. What is g(1)?
1
Let d(q) = q**2 + 10*q + 17. Determine d(-7).
-4
Let q(j) = 22*j + 3. Determine q(1).
25
Let l(x) = x**2 - 6*x - 4. Determine l(6).
-4
Let j(m) = 6*m - 77. What is j(14)?
7
Let k(o) = 3*o + 30. Give k(-5).
15
Let m(d) = d**2 + 3*d - 23. Determine m(-9).
31
Let g(z) = -2*z**3 - 2*z**2 - 2*z + 1. What is g(-2)?
13
Let l(n) = 5*n**3 + 5*n**2 - 5*n. What is l(1)?
5
Let w(h) = h + 44. Determine w(-11).
33
Let l(z) = z**2 - 11*z - 1. What is l(10)?
-11
Let m(q) = -3*q + 6. Calculate m(-8).
30
Let n(l) = 31*l + 1. Give n(-1).
-30
Let v(g) = 4*g + 6. What is v(-4)?
-10
Let z(f) = f**2 - 11*f - 64. Determine z(16).
16
Let q(w) = -w**3 + 12*w**2 - 25*w + 45. Determine q(10).
-5
Let y(h) = -8*h + 12. Give y(-9).
84
Let x(g) = -2*g**2 + 10*g - 9. Determine x(3).
3
Let z(q) = -32*q - 219. Determine z(-7).
5
Let b(i) = 2*i**3 - 24*i**2 + 39*i - 193. What is b(11)?
-6
Let f(r) = -r**3 - 38*r**2 - 262*r - 27. What is f(-29)?
2
Let l(d) = -2*d - 36. Give l(-9).
-18
Let y(c) = -c**2 + 6*c + 6. Calculate y(5).
11
Let u(d) = -d - 23. Calculate u(0).
-23
Let u(g) = g**2 + 10*g + 6. What is u(-6)?
-18
Let p(f) = -30*f**3 + 2*f + 2. Calculate p(-1).
30
Let a(h) = 4*h - 12. What is a(3)?
0
Let z(g) = -g**3 - 5*g**2 + 25*g + 7. What is z(-8)?
-1
Let m(v) = 2*v - 3. What is m(11)?
19
Let k(u) = 4*u**2 + 3*u - 116. Calculate k(5).
-1
Let t(w) = 4*w - 24. What is t(10)?
16
Let k(g) = -g**3 + 7*g**2 - 6*g + 9. Calculate k(5).
29
Let m(k) = k**2 + 7*k - 34. Determine m(-10).
-4
Let d(y) = -y**3 - 2*y**2 - 3*y - 6. Give d(-3).
12
Let m(o) = -o + 18. What is m(17)?
1
Let u(i) = -i**3 + 3*i**2 + 5*i - 1. What is u(5)?
-26
Let z(f) = -2*f**3 - 3*f**2 + 17*f + 37. What is z(-2)?
7
Let l(c) = 6*c - 12. What is l(4)?
12
Let n(a) = a**2 + 53*a + 250. Calculate n(-48).
10
Let n(r) = -44*r + 136. Calculate n(3).
4
Let z(g) = -2*g**2 + 11*g + 12. Calculate z(11).
-109
Let n(h) = h**2 - 3*h - 10. Determine n(7).
18
Let v(y) = -45*y - 58. What is v(-2)?
32
Let q(r) = r**3 - 5*r**2 + 2*r - 7. Calculate q(6).
41
Let a(o) = -2*o**2 + 39*o - 136. Give a(15).
-1
Let f(l) = -l**2 + 3*l - 4. Give f(4).
-8
Let p(z) = -z**3 - 27*z**2 + 29*z + 33. What is p(-28)?
5
Let y(f) = -f**3 - 7*f**2 - 8*f - 7. Give y(-5).
-17
Let w(k) = 2*k**3 - 6*k**2 + k - 7. What is w(3)?
-4
Let g(v) = -21*v - 20. Calculate g(4).
-104
Let d(u) = -10*u**2 + 1. Determine d(-1).
-9
Let z(s) = 2*s + 7. What is z(-6)?
-5
Let m(p) = p**3 + 8*p**2 + 1. Calculate m(-8).
1
Let f(i) = i**3 + 4*i**2 + 6. Calculate f(-4).
6
Let f(a) = -a**2 + 13*a - 9. What is f(7)?
33
Let m(j) = 7*j - 8. Give m(3).
13
Let x(l) = 2*l**2 - 4*l + 3. What is x(2)?
3
Let q(i) = 6*i**2 - i - 3. Give q(-1).
4
Let r(k) = k**3 + 18*k**2 + 17*k. Give r(-17).
0
Let l(a) = a**3 - a. Give l(1).
0
Let p(y) = -68*y**2 + 3*y + 2. What is p(-1)?
-69
Let k(g) = 6*g - 5. Determine k(4).
19
Let h(i) = -3*i - 27. What is h(-23)?
42
Let c(v) = -v**2 + 7*v - 2. Calculate c(5).
8
Let n(h) = 43*h**3 - 2*h**2 + h. Determine n(1).
42
Let o(f) = -f**3 - 6*f**2 + 4*f - 4. What is o(-7)?
17
Let f(b) = 59*b + 346. Calculate f(-6).
-8
Let d(g) = g**3 - 13*g**2 + g + 9. Determine d(13).
22
Let m(b) = b**3 + 4*b**2 - 2*b - 7. Give m(-3).
8
Let z(o) = -o**3 + 15*o**2 + 1. Calculate z(15).
1
Let b(p) = p**2 - p - 25. Calculate b(-5).
5
Let o(a) = a**3 - 28*a**2 - a + 29. Determine o(28).
1
Let q(p) = -p**2 + 15*p - 3. Calculate q(15).
-3
Let j(m) = -154*m - 1993. Give j(-13).
9
Let b(z) = z**2 + 9*z - 14. What i